{"id":1824,"date":"2024-12-07T11:18:13","date_gmt":"2024-12-07T10:18:13","guid":{"rendered":"https:\/\/biohof-silberberg.de\/?page_id=1824"},"modified":"2025-04-06T23:07:24","modified_gmt":"2025-04-06T21:07:24","slug":"wanderreitstation","status":"publish","type":"page","link":"https:\/\/biohof-silberberg.de\/?page_id=1824","title":{"rendered":"WANDERREITSTATION"},"content":{"rendered":"\n<h1 class=\"wp-block-heading has-text-align-center\">Wanderreit Station<\/h1>\n\n\n\n<h5 class=\"wp-block-heading has-text-align-center\">Herzlich willkommen in der Wanderreitstation auf dem Biohof Silberberg!<\/h5>\n\n\n\n<h2 class=\"wp-block-heading has-text-align-center\">Alle Preise zur Wanderreitstation findet ihr hier: <a href=\"https:\/\/biohof-silberberg.de\/wp-content\/uploads\/2025\/04\/Preisliste-2025.pdf\" data-type=\"attachment\" data-id=\"3282\">PREISE<\/a><\/h2>\n\n\n\n<p class=\"has-text-align-left\">Zum \u00dcbernachten:<\/p>\n\n\n\n<div class=\"wp-block-columns is-layout-flex wp-container-core-columns-is-layout-28f84493 wp-block-columns-is-layout-flex\">\n<div class=\"wp-block-column is-layout-flow wp-block-column-is-layout-flow\">\n<ul class=\"wp-block-list\">\n<li>unser Bauwagen direkt bei euren Pferden in der N\u00e4he des Gastpferdepaddocks (Schlafs\u00e4cke mitbringen!)<\/li>\n\n\n\n<li>oder ein Lager auf gro\u00dfen Heuballen in der Scheune (Schlafs\u00e4cke mitbringen!)<\/li>\n<\/ul>\n<\/div>\n\n\n\n<div class=\"wp-block-column is-layout-flow wp-block-column-is-layout-flow\">\n<figure class=\"wp-block-image size-full\"><img decoding=\"async\" src=\"https:\/\/biohof-silberberg.de\/wp-content\/uploads\/2024\/11\/97c9fa5cfcd83b28dd304c37a6840471-1.jpg\" alt=\"\" class=\"wp-image-992\"\/><\/figure>\n<\/div>\n<\/div>\n\n\n\n<p>Zum Essen:<\/p>\n\n\n\n<ul class=\"wp-block-list\">\n<li>eine gut b\u00fcrgerliche <a href=\"http:\/\/www.krone-altbulach.de\/\">Gastst\u00e4tte<\/a> findet ihr gleich um die Ecke<\/li>\n\n\n\n<li>Einkaufsm\u00f6glichkeiten (Superm\u00e4rkte, B\u00e4cker, Metzger,&#8230;) gibt es in ca. 1 km Entfernung<\/li>\n\n\n\n<li>ein &#8222;naturk\u00f6stliches&#8220; Fr\u00fchst\u00fcck k\u00f6nnen wir bei uns in der Familie anbieten<\/li>\n<\/ul>\n\n\n\n<p>Zum Reiten:<\/p>\n\n\n\n<ul class=\"wp-block-list\">\n<li>ein herrliches Reitgel\u00e4nde in der abwechslungsreichen Landschaft des n\u00f6rdlichen Schwarzwaldes<\/li>\n\n\n\n<li>F\u00fcr Rittf\u00fchrung stehen wir ebenfalls zur Verf\u00fcgung, bitte zeitig vorher anfragen!<\/li>\n<\/ul>\n\n\n\n<div class=\"wp-block-columns is-layout-flex wp-container-core-columns-is-layout-28f84493 wp-block-columns-is-layout-flex\">\n<div class=\"wp-block-column is-layout-flow wp-block-column-is-layout-flow\">\n<figure class=\"wp-block-image size-full is-resized\"><img decoding=\"async\" src=\"https:\/\/biohof-silberberg.de\/wp-content\/uploads\/2024\/11\/394b7dbd26b31227e3af940543b3cb9e-1.jpg\" alt=\"\" class=\"wp-image-993\" style=\"width:225px;height:auto\"\/><\/figure>\n<\/div>\n\n\n\n<div class=\"wp-block-column is-layout-flow wp-block-column-is-layout-flow\">\n<p>Nach dem Ritt:<\/p>\n\n\n\n<ul class=\"wp-block-list\">\n<li>eine erfrischende Runde im Schwimmteich, das Pferd darf nicht in den Teich&#8230; \ud83d\ude09&nbsp;<\/li>\n<\/ul>\n<\/div>\n<\/div>\n\n\n\n<div class=\"wp-block-columns is-layout-flex wp-container-core-columns-is-layout-28f84493 wp-block-columns-is-layout-flex\">\n<div class=\"wp-block-column is-layout-flow wp-block-column-is-layout-flow\">\n<p>F\u00fcr die Pferde:<\/p>\n\n\n\n<ul class=\"wp-block-list\">\n<li>verschiedene Koppeln mit Elektroz\u00e4unen (nicht direkt am Hof)<\/li>\n\n\n\n<li>zwei Gastpferde-Paddocks mit Unterstand am Hof<\/li>\n\n\n\n<li>unser abteilbarer Laufstall mit 2 befestigten Paddocks<\/li>\n\n\n\n<li>Futter: Weide und\/oder Bio-Heu, Kraftfutter bei Bedarf bitte selbst mit bringen<\/li>\n<\/ul>\n<\/div>\n\n\n\n<div class=\"wp-block-column is-layout-flow wp-block-column-is-layout-flow\">\n<figure class=\"wp-block-image size-full\"><img decoding=\"async\" src=\"https:\/\/biohof-silberberg.de\/wp-content\/uploads\/2022\/10\/32bdfba1fd094a48523dfa689d94fb53.jpg\" alt=\"\" class=\"wp-image-688\"\/><\/figure>\n<\/div>\n<\/div>\n\n\n\n<p class=\"has-text-align-left\">Hoffremde Hunde:<\/p>\n\n\n\n<ul class=\"wp-block-list\">\n<li>sind erlaubt (sofern vertr\u00e4glich mit unserem), bitte nicht in den Teich lassen <\/li>\n<\/ul>\n\n\n\n<figure class=\"wp-block-image gallery-item\"><img decoding=\"async\" src=\"https:\/\/biohof-silberberg.de\/wp-content\/uploads\/2022\/10\/49ac7db9d0e9589b1a2271e32e7bf9d8-e1666454516366-300x199.jpg\" alt=\"\"\/><\/figure>\n","protected":false},"excerpt":{"rendered":"<p>Wanderreit Station Herzlich willkommen in der Wanderreitstation auf dem Biohof Silberberg! Alle Preise zur Wanderreitstation findet ihr hier: PREISE Zum \u00dcbernachten: Zum Essen: Zum Reiten: Nach dem Ritt: F\u00fcr die Pferde: Hoffremde Hunde:<\/p>\n","protected":false},"author":1,"featured_media":0,"parent":0,"menu_order":0,"comment_status":"closed","ping_status":"closed","template":"","meta":{"footnotes":""},"class_list":["post-1824","page","type-page","status-publish","hentry"],"_links":{"self":[{"href":"https:\/\/biohof-silberberg.de\/index.php?rest_route=\/wp\/v2\/pages\/1824","targetHints":{"allow":["GET"]}}],"collection":[{"href":"https:\/\/biohof-silberberg.de\/index.php?rest_route=\/wp\/v2\/pages"}],"about":[{"href":"https:\/\/biohof-silberberg.de\/index.php?rest_route=\/wp\/v2\/types\/page"}],"author":[{"embeddable":true,"href":"https:\/\/biohof-silberberg.de\/index.php?rest_route=\/wp\/v2\/users\/1"}],"replies":[{"embeddable":true,"href":"https:\/\/biohof-silberberg.de\/index.php?rest_route=%2Fwp%2Fv2%2Fcomments&post=1824"}],"version-history":[{"count":3,"href":"https:\/\/biohof-silberberg.de\/index.php?rest_route=\/wp\/v2\/pages\/1824\/revisions"}],"predecessor-version":[{"id":3302,"href":"https:\/\/biohof-silberberg.de\/index.php?rest_route=\/wp\/v2\/pages\/1824\/revisions\/3302"}],"wp:attachment":[{"href":"https:\/\/biohof-silberberg.de\/index.php?rest_route=%2Fwp%2Fv2%2Fmedia&parent=1824"}],"curies":[{"name":"wp","href":"https:\/\/api.w.org\/{rel}","templated":true}]}}