{"id":934,"date":"2025-04-06T20:22:32","date_gmt":"2025-04-06T18:22:32","guid":{"rendered":"https:\/\/biohof-silberberg.de\/?page_id=934"},"modified":"2025-04-14T08:12:41","modified_gmt":"2025-04-14T06:12:41","slug":"kuhspaziergang","status":"publish","type":"page","link":"https:\/\/biohof-silberberg.de\/?page_id=934","title":{"rendered":"KUHSPAZIERGANG"},"content":{"rendered":"\n<h4 class=\"wp-block-heading has-text-align-center\">Kommt mit! \u2013 auf einen unvergesslichen Spaziergang mit unseren drei jungen Allg\u00e4uer Braunvieh-Rindern durch die W\u00e4lder und Wiesen des sch\u00f6nen Nordschwarzwaldes.<\/h4>\n\n\n\n<div class=\"wp-block-columns is-layout-flex wp-container-core-columns-is-layout-9d6595d7 wp-block-columns-is-layout-flex\">\n<div class=\"wp-block-column is-layout-flow wp-block-column-is-layout-flow\">\n<figure class=\"wp-block-image size-large\"><img loading=\"lazy\" decoding=\"async\" width=\"1024\" height=\"768\" src=\"https:\/\/biohof-silberberg.de\/wp-content\/uploads\/2025\/02\/Kuehe-WhatsApp-Image-2024-09-02-at-14.40.37-1024x768.jpeg\" alt=\"\" class=\"wp-image-2363\" srcset=\"https:\/\/biohof-silberberg.de\/wp-content\/uploads\/2025\/02\/Kuehe-WhatsApp-Image-2024-09-02-at-14.40.37-1024x768.jpeg 1024w, https:\/\/biohof-silberberg.de\/wp-content\/uploads\/2025\/02\/Kuehe-WhatsApp-Image-2024-09-02-at-14.40.37-300x225.jpeg 300w, https:\/\/biohof-silberberg.de\/wp-content\/uploads\/2025\/02\/Kuehe-WhatsApp-Image-2024-09-02-at-14.40.37-768x576.jpeg 768w, https:\/\/biohof-silberberg.de\/wp-content\/uploads\/2025\/02\/Kuehe-WhatsApp-Image-2024-09-02-at-14.40.37-1536x1152.jpeg 1536w, https:\/\/biohof-silberberg.de\/wp-content\/uploads\/2025\/02\/Kuehe-WhatsApp-Image-2024-09-02-at-14.40.37-1140x855.jpeg 1140w, https:\/\/biohof-silberberg.de\/wp-content\/uploads\/2025\/02\/Kuehe-WhatsApp-Image-2024-09-02-at-14.40.37.jpeg 1600w\" sizes=\"auto, (max-width: 1024px) 100vw, 1024px\" \/><\/figure>\n<\/div>\n\n\n\n<div class=\"wp-block-column is-layout-flow wp-block-column-is-layout-flow\">\n<p>Erlebt K\u00fche, die Menschen gew\u00f6hnt sind und Streicheleinheiten lieben, hautnah, aber gleichzeitig die vielen Facetten ihres nat\u00fcrlichen Verhaltens, wenn sie es einmal ausleben d\u00fcrfen.<\/p>\n\n\n\n<p>Die Tiere werden streckenweise am Halfter gef\u00fchrt, aber auch frei laufen gelassen, was sowohl zu ausgelassenen Spr\u00fcngen, als auch zu kurzen Futterpausen an besonders leckeren Str\u00e4uchern f\u00fchren kann\u2026 Nat\u00fcrlich geben die Rinder das Tempo vor.<\/p>\n\n\n\n<p>Eine besondere Art der entschleunigenden Naturbegehung bei gleichzeitiger Faszination f\u00fcr Tiere, die weit mehr sind, als Milch- und Fleischlieferanten.<\/p>\n<\/div>\n<\/div>\n\n\n\n<div class=\"wp-block-columns is-layout-flex wp-container-core-columns-is-layout-9d6595d7 wp-block-columns-is-layout-flex\">\n<div class=\"wp-block-column is-layout-flow wp-block-column-is-layout-flow\">\n<p><strong>Dauer<\/strong>: ca. 1,5 bis 2 Stunden<\/p>\n\n\n\n<p><strong>Preis<\/strong>: 45\u20ac f\u00fcr 1 Personen, jede weitere Person 15\u20ac<\/p>\n\n\n\n<p><strong>Teilnehmerzahl<\/strong>: maximal sechs Personen<\/p>\n\n\n\n<p>empfohlen f\u00fcr Kinder ab 7 Jahren<br>bis 14 Jahren nur in Begleitung eines Erwachsenen<br>\u2014 auch als Gutschein erh\u00e4ltlich \u2014<br><\/p>\n<\/div>\n\n\n\n<div class=\"wp-block-column is-layout-flow wp-block-column-is-layout-flow\">\n<p class=\"has-text-align-center\"><strong>Termine auf Anfrage bei<\/strong><\/p>\n\n\n\n<p class=\"has-text-align-center\"><strong>Astrid K\u00f6hler<\/strong>:<\/p>\n\n\n\n<p class=\"has-text-align-center\">Mobil: 0176 76230074<\/p>\n\n\n\n<p class=\"has-text-align-center\">Mail: assy-91@web.de<\/p>\n<\/div>\n<\/div>\n","protected":false},"excerpt":{"rendered":"<p>Kommt mit! \u2013 auf einen unvergesslichen Spaziergang mit unseren drei jungen Allg\u00e4uer Braunvieh-Rindern durch die W\u00e4lder und Wiesen des sch\u00f6nen Nordschwarzwaldes. Erlebt K\u00fche, die Menschen gew\u00f6hnt sind und Streicheleinheiten lieben, hautnah, aber gleichzeitig die vielen Facetten ihres nat\u00fcrlichen Verhaltens, wenn sie es einmal ausleben d\u00fcrfen. Die Tiere werden streckenweise am Halfter gef\u00fchrt, aber auch frei laufen gelassen, was sowohl zu ausgelassenen Spr\u00fcngen, als auch zu kurzen Futterpausen an besonders leckeren Str\u00e4uchern f\u00fchren kann\u2026 Nat\u00fcrlich geben die Rinder das Tempo vor. Eine besondere Art der entschleunigenden Naturbegehung bei gleichzeitiger Faszination f\u00fcr Tiere, die weit mehr sind, als Milch- und Fleischlieferanten. Dauer: ca. 1,5 bis 2 Stunden Preis: 45\u20ac f\u00fcr 1 Personen, jede weitere Person 15\u20ac Teilnehmerzahl: maximal sechs Personen empfohlen f\u00fcr Kinder ab 7 Jahrenbis 14 Jahren nur in Begleitung eines Erwachsenen\u2014 auch als Gutschein erh\u00e4ltlich \u2014 Termine auf Anfrage bei Astrid K\u00f6hler: Mobil: 0176 76230074 Mail: assy-91@web.de<\/p>\n","protected":false},"author":1,"featured_media":0,"parent":0,"menu_order":0,"comment_status":"closed","ping_status":"closed","template":"","meta":{"footnotes":""},"class_list":["post-934","page","type-page","status-publish","hentry"],"_links":{"self":[{"href":"https:\/\/biohof-silberberg.de\/index.php?rest_route=\/wp\/v2\/pages\/934","targetHints":{"allow":["GET"]}}],"collection":[{"href":"https:\/\/biohof-silberberg.de\/index.php?rest_route=\/wp\/v2\/pages"}],"about":[{"href":"https:\/\/biohof-silberberg.de\/index.php?rest_route=\/wp\/v2\/types\/page"}],"author":[{"embeddable":true,"href":"https:\/\/biohof-silberberg.de\/index.php?rest_route=\/wp\/v2\/users\/1"}],"replies":[{"embeddable":true,"href":"https:\/\/biohof-silberberg.de\/index.php?rest_route=%2Fwp%2Fv2%2Fcomments&post=934"}],"version-history":[{"count":4,"href":"https:\/\/biohof-silberberg.de\/index.php?rest_route=\/wp\/v2\/pages\/934\/revisions"}],"predecessor-version":[{"id":3361,"href":"https:\/\/biohof-silberberg.de\/index.php?rest_route=\/wp\/v2\/pages\/934\/revisions\/3361"}],"wp:attachment":[{"href":"https:\/\/biohof-silberberg.de\/index.php?rest_route=%2Fwp%2Fv2%2Fmedia&parent=934"}],"curies":[{"name":"wp","href":"https:\/\/api.w.org\/{rel}","templated":true}]}}