{"id":948,"date":"2024-12-07T11:23:29","date_gmt":"2024-12-07T10:23:29","guid":{"rendered":"https:\/\/biohof-silberberg.de\/?page_id=948"},"modified":"2025-04-06T20:58:41","modified_gmt":"2025-04-06T18:58:41","slug":"der-hof","status":"publish","type":"page","link":"https:\/\/biohof-silberberg.de\/","title":{"rendered":"DER HOF"},"content":{"rendered":"\n<h2 class=\"wp-block-heading has-text-align-center\">\u00dcber uns <\/h2>\n\n\n<div class=\"wp-block-image is-style-rounded\">\n<figure class=\"aligncenter size-large is-resized\"><img decoding=\"async\" src=\"https:\/\/biohof-silberberg.de\/wp-content\/uploads\/2024\/11\/Familienbild-klein-1-1024x682.jpg\" alt=\"\" class=\"wp-image-1715\" style=\"aspect-ratio:1.7777777777777777;object-fit:cover;width:384px;height:auto\"\/><\/figure>\n<\/div>\n\n\n<p>Herzlich Willkommen auf unserer Website!<\/p>\n\n\n\n<p>Der Demeterhof Silberberg ist seit mehr als 3 Generationen in Familienhand und wurde 1990 von Sigrid und Martin Dietrich von Frieda und Fritz Luz \u00fcbernommen und auf <a href=\"https:\/\/web.archive.org\/web\/20240617092533\/https:\/\/www.bioland.de\/ueber-bioland\">Bioland<\/a> Bewirtschaftung umgestellt. 2008 folgte dann die Umstellung auf die Bewirtschaftung nach <a href=\"https:\/\/web.archive.org\/web\/20240617092533\/http:\/\/demeter.de\/\">Demeter<\/a> Richtlinien. <br>Im Jahr 2022 erfolgte die Hof\u00fcbergabe an Marie und Max Fr\u00fcchel, die den Betrieb seither bewirtschaften.<\/p>\n\n\n\n<p>Unser Betrieb liegt im n\u00f6rdlichen Schwarzwald (Baden-W\u00fcrttemberg) in l\u00e4ndlicher Idylle nahe dem Luftkurort Neubulach.<br>Zu unserem Hof geh\u00f6ren \u2013 neben der gro\u00dfen Familie, drei Mitarbeiterinnen und wechselnden Praktikanten \u2013 10 Islandpferde, f\u00fcnf Einstellerpferde, drei Rinder, ein Hund, zwei Katzen, vier Ziegen und ca. 450 H\u00fchner.<\/p>\n\n\n\n<p>Das Hofgel\u00e4nde in Altbulach umfasst ein Wohnhaus, das Eierh\u00fcttle, in dem wir unsere Produkte anbieten, die Sattelkammer, einen Schwimmteich sowie eine gro\u00dfe Scheune mit Pferde- und Kuhstall und Platz f\u00fcr die Junghennenaufzucht. Die Ovalbahn und der Longierzirkel werden f\u00fcr den Reitunterricht und das Pferdetraining genutzt. In dem gro\u00dfen Garten wird nach Marktg\u00e4rtnerei Prinzip Gem\u00fcse f\u00fcr regelm\u00e4\u00dfig abholende Familien, zum Verkauf im Eierh\u00fcttle und f\u00fcr den Eigenbedarf angebaut.<\/p>\n\n\n\n<p>Die Pferde, die K\u00fche und die H\u00fchner in ihren Mobilst\u00e4llen stehen auf den Wiesen und \u00c4ckern rund ums Dorf, den Gro\u00dfteil des Futters f\u00fcr die Tiere bauen wir selbst an.<\/p>\n\n\n\n<h2 class=\"wp-block-heading\">Wir, das sind\u2026<\/h2>\n\n\n\n<p>Marie und Max mit Lillien, Noah und Amelie (Hoffamilie, Betriebsleiter)<\/p>\n\n\n\n<p>Astrid (Assy, Mitarbeiterin), Annika (Mitarbeiterin) und Alana (Azubi)<\/p>\n\n\n\n<p>Friederike (Schwester von Marie) mit 3 Kindern (wohnen im Nachbarhaus ebenfalls auf Hofstelle)<\/p>\n\n\n\n<figure class=\"wp-block-gallery has-nested-images columns-default is-cropped wp-block-gallery-1 is-layout-flex wp-block-gallery-is-layout-flex\">\n<figure class=\"wp-block-image size-large\"><img decoding=\"async\" data-id=\"1693\" src=\"https:\/\/biohof-silberberg.de\/wp-content\/uploads\/2024\/11\/DSC00116-1024x683.jpg\" alt=\"\" class=\"wp-image-1693\"\/><\/figure>\n\n\n\n<figure class=\"wp-block-image size-large\"><img decoding=\"async\" data-id=\"1730\" src=\"https:\/\/biohof-silberberg.de\/wp-content\/uploads\/2024\/11\/IMG_7935-1024x768.jpg\" alt=\"\" class=\"wp-image-1730\"\/><\/figure>\n\n\n\n<figure class=\"wp-block-image size-large\"><img decoding=\"async\" data-id=\"1721\" src=\"https:\/\/biohof-silberberg.de\/wp-content\/uploads\/2024\/11\/IMG_0316-768x1024.jpg\" alt=\"\" class=\"wp-image-1721\"\/><\/figure>\n\n\n\n<figure class=\"wp-block-image size-large\"><img decoding=\"async\" data-id=\"1720\" src=\"https:\/\/biohof-silberberg.de\/wp-content\/uploads\/2024\/11\/Hofstelle-Scheunentor-Bild-1-1024x768.jpg\" alt=\"\" class=\"wp-image-1720\"\/><\/figure>\n\n\n\n<figure class=\"wp-block-image size-large\"><img decoding=\"async\" data-id=\"1087\" src=\"https:\/\/biohof-silberberg.de\/wp-content\/uploads\/2024\/11\/20210728_193134-1024x768.jpg\" alt=\"\" class=\"wp-image-1087\"\/><\/figure>\n\n\n\n<figure class=\"wp-block-image size-large\"><img decoding=\"async\" data-id=\"1135\" src=\"https:\/\/biohof-silberberg.de\/wp-content\/uploads\/2024\/11\/20221217_083217-1-1024x485.jpg\" alt=\"\" class=\"wp-image-1135\"\/><\/figure>\n<\/figure>\n","protected":false},"excerpt":{"rendered":"<p>\u00dcber uns Herzlich Willkommen auf unserer Website! Der Demeterhof Silberberg ist seit mehr als 3 Generationen in Familienhand und wurde 1990 von Sigrid und Martin Dietrich von Frieda und Fritz Luz \u00fcbernommen und auf Bioland Bewirtschaftung umgestellt. 2008 folgte dann die Umstellung auf die Bewirtschaftung nach Demeter Richtlinien. Im Jahr 2022 erfolgte die Hof\u00fcbergabe an Marie und Max Fr\u00fcchel, die den Betrieb seither bewirtschaften. Unser Betrieb liegt im n\u00f6rdlichen Schwarzwald (Baden-W\u00fcrttemberg) in l\u00e4ndlicher Idylle nahe dem Luftkurort Neubulach.Zu unserem Hof geh\u00f6ren \u2013 neben der gro\u00dfen Familie, drei Mitarbeiterinnen und wechselnden Praktikanten \u2013 10 Islandpferde, f\u00fcnf Einstellerpferde, drei Rinder, ein Hund, zwei Katzen, vier Ziegen und ca. 450 H\u00fchner. Das Hofgel\u00e4nde in Altbulach umfasst ein Wohnhaus, das Eierh\u00fcttle, in dem wir unsere Produkte anbieten, die Sattelkammer, einen Schwimmteich sowie eine gro\u00dfe Scheune mit Pferde- und Kuhstall und Platz f\u00fcr die Junghennenaufzucht. Die Ovalbahn und der Longierzirkel werden f\u00fcr den Reitunterricht und das Pferdetraining genutzt. In dem gro\u00dfen Garten wird nach Marktg\u00e4rtnerei Prinzip Gem\u00fcse f\u00fcr regelm\u00e4\u00dfig abholende Familien, zum Verkauf im Eierh\u00fcttle und f\u00fcr den Eigenbedarf angebaut. Die Pferde, die K\u00fche und die H\u00fchner in ihren Mobilst\u00e4llen stehen auf den Wiesen und \u00c4ckern rund ums Dorf, den Gro\u00dfteil des Futters f\u00fcr die Tiere bauen wir selbst an. Wir, das sind\u2026 Marie und Max mit Lillien, Noah und Amelie (Hoffamilie, Betriebsleiter) Astrid (Assy, Mitarbeiterin), Annika (Mitarbeiterin) und Alana (Azubi) Friederike (Schwester von Marie) mit 3 Kindern (wohnen im Nachbarhaus ebenfalls auf Hofstelle)<\/p>\n","protected":false},"author":1,"featured_media":0,"parent":0,"menu_order":0,"comment_status":"closed","ping_status":"closed","template":"","meta":{"footnotes":""},"class_list":["post-948","page","type-page","status-publish","hentry"],"_links":{"self":[{"href":"https:\/\/biohof-silberberg.de\/index.php?rest_route=\/wp\/v2\/pages\/948","targetHints":{"allow":["GET"]}}],"collection":[{"href":"https:\/\/biohof-silberberg.de\/index.php?rest_route=\/wp\/v2\/pages"}],"about":[{"href":"https:\/\/biohof-silberberg.de\/index.php?rest_route=\/wp\/v2\/types\/page"}],"author":[{"embeddable":true,"href":"https:\/\/biohof-silberberg.de\/index.php?rest_route=\/wp\/v2\/users\/1"}],"replies":[{"embeddable":true,"href":"https:\/\/biohof-silberberg.de\/index.php?rest_route=%2Fwp%2Fv2%2Fcomments&post=948"}],"version-history":[{"count":4,"href":"https:\/\/biohof-silberberg.de\/index.php?rest_route=\/wp\/v2\/pages\/948\/revisions"}],"predecessor-version":[{"id":3026,"href":"https:\/\/biohof-silberberg.de\/index.php?rest_route=\/wp\/v2\/pages\/948\/revisions\/3026"}],"wp:attachment":[{"href":"https:\/\/biohof-silberberg.de\/index.php?rest_route=%2Fwp%2Fv2%2Fmedia&parent=948"}],"curies":[{"name":"wp","href":"https:\/\/api.w.org\/{rel}","templated":true}]}}